r when 696 is divided by 26?
20
Calculate the remainder when 225 is divided by 96.
33
Calculate the remainder when 16 is divided by 14.
2
Calculate the remainder when 2182 is divided by 81.
76
What is the remainder when 119 is divided by 15?
14
What is the remainder when 4107 is divided by 49?
40
Calculate the remainder when 138 is divided by 71.
67
What is the remainder when 40 is divided by 9?
4
Calculate the remainder when 104 is divided by 53.
51
What is the remainder when 109 is divided by 62?
47
What is the remainder when 258 is divided by 37?
36
Calculate the remainder when 112 is divided by 17.
10
What is the remainder when 601 is divided by 5?
1
What is the remainder when 1307 is divided by 107?
23
Calculate the remainder when 5574 is divided by 164.
162
What is the remainder when 222 is divided by 125?
97
What is the remainder when 1257 is divided by 90?
87
Calculate the remainder when 126 is divided by 9.
0
Calculate the remainder when 429 is divided by 105.
9
Calculate the remainder when 454 is divided by 78.
64
Calculate the remainder when 645 is divided by 25.
20
Calculate the remainder when 950 is divided by 191.
186
What is the remainder when 226 is divided by 3?
1
Calculate the remainder when 289 is divided by 81.
46
Calculate the remainder when 19 is divided by 13.
6
Calculate the remainder when 1038 is divided by 262.
252
Calculate the remainder when 2474 is divided by 321.
227
Calculate the remainder when 532 is divided by 3.
1
Calculate the remainder when 1568 is divided by 51.
38
What is the remainder when 2634 is divided by 31?
30
Calculate the remainder when 1262 is divided by 1245.
17
What is the remainder when 383 is divided by 65?
58
What is the remainder when 91 is divided by 16?
11
What is the remainder when 3104 is divided by 28?
24
What is the remainder when 171 is divided by 85?
1
What is the remainder when 329 is divided by 67?
61
What is the remainder when 331 is divided by 108?
7
What is the remainder when 38219 is divided by 182?
181
Calculate the remainder when 4822 is divided by 38.
34
What is the remainder when 1128 is divided by 33?
6
Calculate the remainder when 228 is divided by 148.
80
Calculate the remainder when 79 is divided by 21.
16
Calculate the remainder when 191 is divided by 61.
8
Calculate the remainder when 673 is divided by 333.
7
Calculate the remainder when 116 is divided by 20.
16
What is the remainder when 53 is divided by 11?
9
What is the remainder when 209 is divided by 54?
47
What is the remainder when 65 is divided by 16?
1
Calculate the remainder when 139 is divided by 64.
11
Calculate the remainder when 163 is divided by 33.
31
What is the remainder when 39 is divided by 15?
9
Calculate the remainder when 39 is divided by 16.
7
Calculate the remainder when 1121 is divided by 102.
101
Calculate the remainder when 488 is divided by 7.
5
Calculate the remainder when 259 is divided by 154.
105
Calculate the remainder when 39 is divided by 15.
9
Calculate the remainder when 521 is divided by 58.
57
Calculate the remainder when 767 is divided by 8.
7
What is the remainder when 332 is divided by 67?
64
Calculate the remainder when 150 is divided by 31.
26
Calculate the remainder when 1086 is divided by 78.
72
Calculate the remainder when 77 is divided by 21.
14
What is the remainder when 301 is divided by 292?
9
Calculate the remainder when 276 is divided by 14.
10
What is the remainder when 2470 is divided by 818?
16
What is the remainder when 3453 is divided by 1721?
11
Calculate the remainder when 738 is divided by 124.
118
What is the remainder when 490 is divided by 486?
4
What is the remainder when 1477 is divided by 18?
1
What is the remainder when 69 is divided by 24?
21
Calculate the remainder when 1296 is divided by 14.
8
What is the remainder when 1358 is divided by 151?
150
Calculate the remainder when 27 is divided by 7.
6
Calculate the remainder when 92 is divided by 52.
40
Calculate the remainder when 2257 is divided by 76.
53
What is the remainder when 3437 is divided by 127?
8
What is the remainder when 228 is divided by 23?
21
Calculate the remainder when 744 is divided by 22.
18
Calculate the remainder when 676 is divided by 306.
64
Calculate the remainder when 7568 is divided by 12.
8
Calculate the remainder when 1994 is divided by 23.
16
Calculate the remainder when 428 is divided by 114.
86
Calculate the remainder when 1853 is divided by 53.
51
Calculate the remainder when 254 is divided by 53.
42
What is the remainder when 325 is divided by 163?
162
Calculate the remainder when 3596 is divided by 17.
9
Calculate the remainder when 241 is divided by 9.
7
What is the remainder when 25 is divided by 14?
11
What is the remainder when 843 is divided by 13?
11
Calculate the remainder when 243 is divided by 2.
1
Calculate the remainder when 85 is divided by 29.
27
What is the remainder when 164 is divided by 13?
8
Calculate the remainder when 495 is divided by 71.
69
What is the remainder when 505 is divided by 171?
163
What is the remainder when 63 is divided by 22?
19
Calculate the remainder when 23316 is divided by 178.
176
What is the remainder when 119 is divided by 26?
15
Calculate the remainder when 81 is divided by 18.
9
What is the remainder when 182 is divided by 22?
6
Calculate the remainder when 37 is divided by 8.
5
Calculate the remainder when 417 is divided by 14.
11
What is the remainder when 76 is divided by 14?
6
Calculate the remainder when 1332 is divided by 227.
197
Calculate the remainder when 2189 is divided by 1089.
11
What is the remainder when 269 is divided by 34?
31
What is the remainder when 286 is divided by 280?
6
What is the remainder when 439 is divided by 217?
5
What is the remainder when 316 is divided by 266?
50
Calculate the remainder when 247 is divided by 85.
77
Calculate the remainder when 1163 is divided by 28.
15
What is the remainder when 49 is divided by 11?
5
Calculate the remainder when 7733 is divided by 85.
83
Calculate the remainder when 122 is divided by 27.
14
Calculate the remainder when 272 is divided by 125.
22
Calculate the remainder when 1832 is divided by 39.
38
Calculate the remainder when 310 is divided by 13.
11
What is the remainder when 721 is divided by 266?
189
Calculate the remainder when 398 is divided by 78.
8
What is the remainder when 453 is divided by 27?
21
Calculate the remainder when 2821 is divided by 34.
33
Calculate the remainder when 4868 is divided by 162.
8
What is the remainder when 1893 is divided by 172?
1
What is the remainder when 110 is divided by 41?
28
What is the remainder when 3130 is divided by 3?
1
What is the remainder when 9419 is divided by 25?
19
Calculate the remainder when 2008 is divided by 184.
168
What is the remainder when 110 is divided by 19?
15
Calculate the remainder when 520 is divided by 25.
20
Calculate the remainder when 374 is divided by 51.
17
What is the remainder when 4142 is divided by 16?
14
Calculate the remainder when 197 is divided by 5.
2
What is the remainder when 419 is divided by 27?
14
What is the remainder when 2018 is divided by 627?
137
Calculate the remainder when 2525 is divided by 631.
1
What is the remainder when 286 is divided by 60?
46
What is the remainder when 54 is divided by 11?
10
What is the remainder when 110 is divided by 24?
14
What is the remainder when 194 is divided by 179?
15
Calculate the remainder when 300 is divided by 22.
14
What is the remainder when 1273 is divided by 11?
8
Calculate the remainder when 105 is divided by 6.
3
What is the remainder when 91 is divided by 8?
3
What is the remainder when 1018 is divided by 298?
124
Calculate the remainder when 86 is divided by 54.
32
Calculate the remainder when 622 is divided by 24.
22
What is the remainder when 162 is divided by 41?
39
Calculate the remainder when 3973 is divided by 41.
37
Calculate the remainder when 308 is divided by 18.
2
What is the remainder when 196 is divided by 33?
31
What is the remainder when 603 is divided by 7?
1
Calculate the remainder when 37 is divided by 19.
18
Calculate the remainder when 178 is divided by 46.
40
What is the remainder when 1105 is divided by 41?
39
Calculate the remainder when 270 is divided by 89.
3
Calculate the remai